{"id":980,"date":"2020-05-05T21:21:12","date_gmt":"2020-05-05T19:21:12","guid":{"rendered":"http:\/\/daloway.com\/dev\/?page_id=980"},"modified":"2021-01-17T17:10:47","modified_gmt":"2021-01-17T16:10:47","slug":"contact","status":"publish","type":"page","link":"https:\/\/daloway.com\/dev\/contact\/","title":{"rendered":"Contact"},"content":{"rendered":"<p>[vc_row bg_check=&#8221;row-background-dark&#8221; dfd_row_config=&#8221;full_width_content&#8221; css=&#8221;.vc_custom_1589443076636{background-image: url(http:\/\/daloway.com\/dev\/wp-content\/uploads\/2020\/05\/cabinet-de-transformation-digitale-paris-1.jpg?id=1049) !important;}&#8221;][vc_column dfd_column_responsive_enable=&#8221;dfd-column-responsive-enable&#8221; css=&#8221;.vc_custom_1480063943271{background-position: 0 0 !important;background-repeat: no-repeat !important;}&#8221; col_shadow=&#8221;box_shadow_enable:disable|shadow_horizontal:0|shadow_vertical:15|shadow_blur:50|shadow_spread:0|box_shadow_color:rgba(0%2C0%2C0%2C0.35)&#8221; col_shadow_hover=&#8221;box_shadow_enable:disable|shadow_horizontal:0|shadow_vertical:15|shadow_blur:50|shadow_spread:0|box_shadow_color:rgba(0%2C0%2C0%2C0.35)&#8221; responsive_styles=&#8221;padding_left_mobile:20|padding_right_mobile:20&#8243;]<div class=\"dfd-spacer-module\"  data-units=\"px\" data-wide_resolution=\"1280\" data-wide_size=\"140\" data-normal_resolution=\"1024\" data-normal_size=\"140\" data-tablet_resolution=\"800\" data-tablet_size=\"140\" data-mobile_resolution=\"480\" data-mobile_size=\"80\" style=\"height: 140px;\"><\/div><div class=\"dfd-heading-shortcode\"><div class=\"dfd-heading-module-wrap  text-center style_02 cr-animate-gen dfd-heading-6a00798b5bae5 dfd-disable-resposive-headings\" id=\"dfd-heading-6a00798b5bae5\" data-animate-type = \"transition.slideLeftBigIn\" ><div class=\"inline-block\"><div class=\"dfd-heading-module\"><h1 class=\"widget-title dfd-title \" style=\"font-size: 45px; color: #2fa4ef !important; line-height: 20px; letter-spacing: 1.5px; font-weight:bold; \">CONTACT<\/h1><\/div><\/div><\/div><script type=\"text\/javascript\">\r\n\t\t\t\t\t\t\t\t\t(function($) {\r\n\t\t\t\t\t\t\t\t\t\t$(\"head\").append(\"<style>.dfd-heading-6a00798b5bae5 .dfd-heading-module .widget-title {margin-bottom:20px;}.dfd-heading-6a00798b5bae5.dfd-heading-module-wrap .dfd-heading-module .dfd-heading-delimiter {margin-top:10px;margin-bottom:10px;}@media (max-width: 1279px) and (min-width: 1024px){.dfd-heading-6a00798b5bae5 .dfd-title{font-size: 27px !important;line-height: 40px !important;}}@media (max-width: 1023px) and (min-width: 800px){.dfd-heading-6a00798b5bae5 .dfd-title{font-size: 20px !important;line-height: 36px !important;}}@media (max-width: 799px){.dfd-heading-6a00798b5bae5 .dfd-title{font-size: 20px !important;line-height: 32px !important;}}@media (max-width: 1023px) and (min-width: 800px){.dfd-heading-6a00798b5bae5 .dfd-sub-title{font-size: 30px !important;line-height: 36px !important;}}@media (max-width: 799px){.dfd-heading-6a00798b5bae5 .dfd-sub-title{font-size: 30px !important;line-height: 36px !important;}}<\/style>\");\r\n\t\t\t\t\t\t\t\t\t})(jQuery);\r\n\t\t\t\t\t\t\t\t<\/script><\/div><div class=\"dfd-spacer-module\"  data-units=\"px\" data-wide_resolution=\"1280\" data-wide_size=\"10\" data-normal_resolution=\"1024\" data-normal_size=\"10\" data-tablet_resolution=\"800\" data-tablet_size=\"10\" data-mobile_resolution=\"480\" data-mobile_size=\"10\" style=\"height: 10px;\"><\/div><div class=\"dfd-animated-text-wrap\" id=\"dfd-animated-text-6a00798b5bdac\"><div class=\"dfd-animated-text-block  text-center\" ><span class=\"dfd-anim-prefix \">Vous avez un projet<\/span><span class=\"dfd-animate-text\"><span class=\"dfd-animated-text-string  typed\" data-remove-hover=\"true\" data-lang=\"en\" data-id=\"1\" data-load=\"onload\" style=\"\">de transformation digitale ?<\/span><span class=\"dfd-animated-text-string  typed\" data-remove-hover=\"true\" data-lang=\"en\" data-id=\"2\" data-load=\"onload\" style=\"\">de knowledge management ?<\/span><span class=\"dfd-animated-text-string  typed\" data-remove-hover=\"true\" data-lang=\"en\" data-id=\"3\" data-load=\"onload\" style=\"\">de sites web ?<\/span><\/span><span class=\"dfd-animate-me\"><\/span><\/div><script type=\"text\/javascript\">\r\n\t\t\t\t\t\t\t\t\t(function($) {$(document).ready(function() {$(\"#dfd-animated-text-6a00798b5bdac .dfd-animate-me\").typed({\r\n\t\t\t\t\t\t\t\t\t\tstringsElement: $(\"#dfd-animated-text-6a00798b5bdac .dfd-animate-text\"),showCursor: true,loop: true,typeSpeed: 10\r\n\t\t\t\t\t\t\t\t\t});});$(\"head\").append(\"<style>#dfd-animated-text-6a00798b5bdac.dfd-animated-text-wrap .dfd-animated-text-block span.dfd-animate-text span, #dfd-animated-text-6a00798b5bdac.dfd-animated-text-wrap .dfd-animated-text-block span.dfd-animate-me {font-size: 30px; letter-spacing: 0px; }#dfd-animated-text-6a00798b5bdac.dfd-animated-text-wrap .dfd-animated-text-block span, #dfd-animated-text-6a00798b5bdac.dfd-animated-text-wrap .dfd-animated-text-block span {font-size: 30px; }<\/style>\")\r\n\t\t\t\t\t\t\t\t\t})(jQuery);\r\n\t\t\t\t\t\t\t\t<\/script><\/div><div class=\"dfd-spacer-module\"  data-units=\"px\" data-wide_resolution=\"1280\" data-wide_size=\"140\" data-normal_resolution=\"1024\" data-normal_size=\"140\" data-tablet_resolution=\"800\" data-tablet_size=\"140\" data-mobile_resolution=\"480\" data-mobile_size=\"80\" style=\"height: 140px;\"><\/div>[\/vc_column][\/vc_row][vc_row force_equal_height_columns=&#8221;main_row&#8221; align_content_vertically=&#8221;&#8221;][vc_column width=&#8221;2\/3&#8243; css=&#8221;.vc_custom_1588710433580{border-right-width: 1px !important;padding-right: 20px !important;padding-left: 20px !important;border-right-color: #e0e0e0 !important;border-right-style: solid !important;border-radius: 1px !important;}&#8221; col_shadow=&#8221;box_shadow_enable:disable|shadow_horizontal:0|shadow_vertical:15|shadow_blur:50|shadow_spread:0|box_shadow_color:rgba(0%2C0%2C0%2C0.35)&#8221; col_shadow_hover=&#8221;box_shadow_enable:disable|shadow_horizontal:0|shadow_vertical:15|shadow_blur:50|shadow_spread:0|box_shadow_color:rgba(0%2C0%2C0%2C0.35)&#8221;]<div class=\"dfd-spacer-module\"  data-units=\"px\" data-wide_resolution=\"1280\" data-wide_size=\"70\" data-normal_resolution=\"1024\" data-normal_size=\"70\" data-tablet_resolution=\"800\" data-tablet_size=\"40\" data-mobile_resolution=\"480\" data-mobile_size=\"50\" style=\"height: 70px;\"><\/div><div id=\"dfd-facts-6a00798b5bec6-8042\" class=\"dfd-facts-counter  layout-8  dfd-counter with-icon\" ><div class=\"module-icon\"><i class=\"featured-icon dfd-icon-pencil_2 dfd_icon_set-icon-pencil_2\" style=\"font-size:30px; opacity:1;\" ><\/i><\/div><div class=\"content-wrap\"><div class=\"stat-count\"> <div class=\"facts-number call-on-waypoint \" data-animation=\"count\" data-max=\"\" style=\"font-size: 37px; color: #000017 !important; line-height: 40px; \">0<\/div> <\/div><div class=\"tittle-wrap\"><h2 class=\"facts-title \" style=\"font-size: 37px; color: #000017 !important; line-height: 40px; letter-spacing: 1.5px; \">Echangeons sur votre projet<\/h2><\/div><\/div><script type=\"text\/javascript\">\r\n\t\t\t\t\t\t(function($) {\r\n\t\t\t\t\t\t\t$(\"head\").append(\"<style>#dfd-facts-6a00798b5bec6-8042 {min-height: 30px;}#dfd-facts-6a00798b5bec6-8042.layout-8 .module-icon + .content-wrap {padding-left: 50px;}#dfd-facts-6a00798b5bec6-8042.layout-9 .content-wrap {padding-right: 50px;}#dfd-facts-6a00798b5bec6-8042.dfd-facts-counter .odometer.odometer-auto-theme .odometer-digit {margin: 0 0.75px;}<\/style>\");\r\n\t\t\t\t\t\t})(jQuery);\r\n\t\t\t\t\t<\/script><\/div><div class=\"dfd-spacer-module\"  data-units=\"px\" data-wide_resolution=\"1280\" data-wide_size=\"40\" data-normal_resolution=\"1024\" data-normal_size=\"40\" data-tablet_resolution=\"800\" data-tablet_size=\"40\" data-mobile_resolution=\"480\" data-mobile_size=\"50\" style=\"height: 40px;\"><\/div>[dfd_user_form fake_check_layout=&#8221;forms_06&#8243; placeholder=&#8221;off&#8221; borderwidth=&#8221;1&#8243; border_radius=&#8221;2&#8243; text_area_height=&#8221;10&#8243; vert_margin_btw_inputs=&#8221;15&#8243; horiz_margin_btw_inputs=&#8221;10&#8243; font_size=&#8221;13&#8243; button_border_width=&#8221;1&#8243; button_border_radius=&#8221;2&#8243; btn_message=&#8221;Envoyer le message&#8221; btn_width=&#8221;dfd-third-size&#8221; check_layout=&#8221;forms_06.php&#8221; input_background=&#8221;#f5f5f5&#8243; border_color=&#8221;#e8e8e8&#8243; text_color=&#8221;#565656&#8243; button_border_color=&#8221;#2fa4ef&#8221; button_border_color_on_hover=&#8221;#2fa4ef&#8221; button_backgrond=&#8221;#2fa4ef&#8221; hover_button_backgrond=&#8221;#2fa4ef&#8221; button_color_text=&#8221;#ffffff&#8221; button_hover_color_text=&#8221;#ffffff&#8221; show_label_text=&#8221;on&#8221; check_layout_forms_06=&#8221;{&#8220;1&#8220;:{&#8220;text_name&#8220;:{&#8220;required-1&#8220;:&#8220;1&#8220;,&#8220;name&#8220;:&#8220;Votre Nom&#8220;,&#8220;akismet_comment_author-1&#8220;:&#8220;1&#8220;}},&#8220;2&#8220;:{&#8220;text_name&#8220;:{&#8220;name&#8220;:&#8220;Votre Soci\u00e9t\u00e9&#8220;}},&#8220;3&#8220;:{&#8220;text_name&#8220;:{&#8220;name&#8220;:&#8220;Votre Fonction&#8220;}},&#8220;4&#8220;:{&#8220;email&#8220;:{&#8220;name&#8220;:&#8220;Votre Email*&#8220;}},&#8220;5&#8220;:{&#8220;telephone&#8220;:{&#8220;name&#8220;:&#8220;Votre Num\u00e9ro de T\u00e9l\u00e9phone&#8220;}}}&#8221;]From: {{your-name}}<br \/>\nSubject: {{your-subject}}<\/p>\n<p>Message Body:<br \/>\n{{your-message}}<\/p>\n<p>&#8212;<br \/>\nThis e-mail was sent from a contact form[\/dfd_user_form]<div class=\"dfd-spacer-module\"  data-units=\"px\" data-wide_resolution=\"1280\" data-wide_size=\"40\" data-normal_resolution=\"1024\" data-normal_size=\"40\" data-tablet_resolution=\"800\" data-tablet_size=\"40\" data-mobile_resolution=\"480\" data-mobile_size=\"50\" style=\"height: 40px;\"><\/div>[\/vc_column][vc_column width=&#8221;1\/3&#8243; css=&#8221;.vc_custom_1588710438339{padding-right: 20px !important;padding-left: 20px !important;}&#8221; col_shadow=&#8221;box_shadow_enable:disable|shadow_horizontal:0|shadow_vertical:15|shadow_blur:50|shadow_spread:0|box_shadow_color:rgba(0%2C0%2C0%2C0.35)&#8221; col_shadow_hover=&#8221;box_shadow_enable:disable|shadow_horizontal:0|shadow_vertical:15|shadow_blur:50|shadow_spread:0|box_shadow_color:rgba(0%2C0%2C0%2C0.35)&#8221;]<div class=\"dfd-spacer-module\"  data-units=\"px\" data-wide_resolution=\"1280\" data-wide_size=\"70\" data-normal_resolution=\"1024\" data-normal_size=\"70\" data-tablet_resolution=\"800\" data-tablet_size=\"40\" data-mobile_resolution=\"480\" data-mobile_size=\"50\" style=\"height: 70px;\"><\/div><div class=\"dfd-heading-shortcode\"><div class=\"dfd-heading-module-wrap  text-left style_02 cr-animate-gen dfd-heading-6a00798b5bf85 dfd-disable-resposive-headings\" id=\"dfd-heading-6a00798b5bf85\" data-animate-type = \"transition.slideLeftBigIn\" ><div class=\"inline-block\"><div class=\"dfd-heading-module\"><h2 class=\"widget-title dfd-title \" style=\"font-size: 37px; color: #000017 !important; line-height: 35px; letter-spacing: 1.5px; \">Nos Coordonn\u00e9es<\/h2><\/div><\/div><\/div><script type=\"text\/javascript\">\r\n\t\t\t\t\t\t\t\t\t(function($) {\r\n\t\t\t\t\t\t\t\t\t\t$(\"head\").append(\"<style>.dfd-heading-6a00798b5bf85.dfd-heading-module-wrap .dfd-heading-module .dfd-heading-delimiter {margin-top:10px;margin-bottom:10px;}@media (max-width: 1279px) and (min-width: 1024px){.dfd-heading-6a00798b5bf85 .dfd-title{font-size: 34px !important;line-height: 40px !important;}}@media (max-width: 1023px) and (min-width: 800px){.dfd-heading-6a00798b5bf85 .dfd-title{font-size: 30px !important;line-height: 36px !important;}}@media (max-width: 799px){.dfd-heading-6a00798b5bf85 .dfd-title{font-size: 24px !important;line-height: 32px !important;}}@media (max-width: 1023px) and (min-width: 800px){.dfd-heading-6a00798b5bf85 .dfd-sub-title{font-size: 11px !important;}}@media (max-width: 799px){.dfd-heading-6a00798b5bf85 .dfd-sub-title{font-size: 10px !important;}}<\/style>\");\r\n\t\t\t\t\t\t\t\t\t})(jQuery);\r\n\t\t\t\t\t\t\t\t<\/script><\/div><div class=\"dfd-spacer-module\"  data-units=\"px\" data-wide_resolution=\"1280\" data-wide_size=\"40\" data-normal_resolution=\"1024\" data-normal_size=\"40\" data-tablet_resolution=\"800\" data-tablet_size=\"40\" data-mobile_resolution=\"480\" data-mobile_size=\"50\" style=\"height: 40px;\"><\/div><div class=\"dfd-contact-block-container style-1   \"  style=\"\"><div class=\"dfd-contact-block-module\" >\r\n\t\t\t\t\t\t\t<div class=\"fild-content\">\r\n\t\t\t\t\t\t\t\t<i class=\"dfd-icon-navigation\" style=\"width: 40px; height: 40px; background: #2fa4ef; color: #ffffff; border-radius: 5px; \"><\/i>\r\n\t\t\t\t\t\t\t\t<div class=\"fild-name\" style=\"height: 20px; \">address:<\/div>\r\n\t\t\t\t\t\t\t\t<p class=\"address\">50 Avenue des Champs-Elys\u00e9es, 75008, Paris (Si\u00e8ge social)<\/p>\r\n\t\t\t\t\t\t\t<\/div>\r\n\t\t\t\t\t\t\t<div class=\"fild-content\">\r\n\t\t\t\t\t\t\t\t<i class=\"dfd-icon-tablet2\" style=\"width: 40px; height: 40px; background: #2fa4ef; color: #ffffff; border-radius: 5px; \"><\/i>\r\n\t\t\t\t\t\t\t\t<div class=\"fild-name\" style=\"height: 20px; \">phone:<\/div>\r\n\t\t\t\t\t\t\t\t<p class=\"phone\">+33 (0)6 09 85 48 28<\/p>\r\n\t\t\t\t\t\t\t<\/div>\r\n\t\t\t\t\t\t\t<div class=\"fild-content\">\r\n\t\t\t\t\t\t\t\t<i class=\"dfd-icon-email_1\" style=\"width: 40px; height: 40px; background: #2fa4ef; color: #ffffff; border-radius: 5px; \"><\/i>\r\n\t\t\t\t\t\t\t\t<div class=\"fild-name\" style=\"height: 20px; \">email:<\/div>\r\n\t\t\t\t\t\t\t\t<p class=\"email\"><a href=\"mailto:herve.rambaldi@daloway.com\">herve.rambaldi@daloway.com<\/a><\/p>\r\n\t\t\t\t\t\t\t<\/div>\r\n\t\t\t\t\t\t\t<div class=\"fild-content\">\r\n\t\t\t\t\t\t\t\t<i class=\"dfd-icon-earth\" style=\"width: 40px; height: 40px; background: #2fa4ef; color: #ffffff; border-radius: 5px; \"><\/i>\r\n\t\t\t\t\t\t\t\t<div class=\"fild-name\" style=\"height: 20px; \">website:<\/div>\r\n\t\t\t\t\t\t\t\t<p class=\"website\"><a href=\"www.daloway.com\" target=\"_blank\">www.daloway.com<\/a><\/p>\r\n\t\t\t\t\t\t\t<\/div><\/div><\/div>[\/vc_column][\/vc_row][vc_row css=&#8221;.vc_custom_1585143654707{background-color: #fcfcfc !important;}&#8221;][vc_column]<div class=\"dfd-spacer-module\"  data-units=\"px\" data-wide_resolution=\"1280\" data-wide_size=\"55\" data-normal_resolution=\"1024\" data-normal_size=\"55\" data-tablet_resolution=\"800\" data-tablet_size=\"55\" data-mobile_resolution=\"480\" data-mobile_size=\"30\" style=\"height: 55px;\"><\/div><div class=\"dfd-heading-shortcode\"><div class=\"dfd-heading-module-wrap  text-center style_02 cr-animate-gen dfd-heading-6a00798b5c2b8 dfd-disable-resposive-headings\" id=\"dfd-heading-6a00798b5c2b8\" data-animate-type = \"transition.slideLeftBigIn\" ><div class=\"inline-block\"><div class=\"dfd-heading-module\"><h6 class=\"widget-sub-title dfd-sub-title \" style=\"font-size: 12px; color: #2382de !important; \">Nos Clients<\/h6><h2 class=\"widget-title dfd-title \" style=\"font-size: 37px; line-height: 44px; letter-spacing: 1.5px; \"><\/p>\n<p style=\"text-align: center;\">Ils nous font confiance<\/p>\n<p><\/h2><\/div><\/div><\/div><script type=\"text\/javascript\">\r\n\t\t\t\t\t\t\t\t\t(function($) {\r\n\t\t\t\t\t\t\t\t\t\t$(\"head\").append(\"<style>.dfd-heading-6a00798b5c2b8 .dfd-heading-module .widget-sub-title {margin-bottom:10px;}.dfd-heading-6a00798b5c2b8.dfd-heading-module-wrap .dfd-heading-module .dfd-heading-delimiter {margin-top:10px;margin-bottom:10px;}@media (max-width: 1279px) and (min-width: 1024px){.dfd-heading-6a00798b5c2b8 .dfd-title{font-size: 34px !important;line-height: 40px !important;}}@media (max-width: 1023px) and (min-width: 800px){.dfd-heading-6a00798b5c2b8 .dfd-title{font-size: 30px !important;line-height: 36px !important;}}@media (max-width: 799px){.dfd-heading-6a00798b5c2b8 .dfd-title{font-size: 24px !important;line-height: 32px !important;}}@media (max-width: 1023px) and (min-width: 800px){.dfd-heading-6a00798b5c2b8 .dfd-sub-title{font-size: 11px !important;}}@media (max-width: 799px){.dfd-heading-6a00798b5c2b8 .dfd-sub-title{font-size: 10px !important;}}<\/style>\");\r\n\t\t\t\t\t\t\t\t\t})(jQuery);\r\n\t\t\t\t\t\t\t\t<\/script><\/div><div class=\"dfd-spacer-module\"  data-units=\"px\" data-wide_resolution=\"1280\" data-wide_size=\"35\" data-normal_resolution=\"1024\" data-normal_size=\"35\" data-tablet_resolution=\"800\" data-tablet_size=\"35\" data-mobile_resolution=\"480\" data-mobile_size=\"30\" style=\"height: 35px;\"><\/div>[\/vc_column][\/vc_row][vc_row dfd_bg_style=&#8221;image&#8221; dfd_parallax_style=&#8221;dfd_animated_bg&#8221; dfd_bg_image_new=&#8221;1175&#8243; dfd_bg_image_size=&#8221;contain&#8221;][vc_column]<div class=\"dfd-spacer-module\"  data-units=\"px\" data-wide_resolution=\"1280\" data-wide_size=\"200\" data-normal_resolution=\"1024\" data-normal_size=\"200\" data-tablet_resolution=\"800\" data-tablet_size=\"200\" data-mobile_resolution=\"480\" data-mobile_size=\"100\" style=\"height: 200px;\"><\/div>[\/vc_column][\/vc_row][vc_row css=&#8221;.vc_custom_1585143692255{background-color: #fcfcfc !important;}&#8221;][vc_column]<div class=\"dfd-spacer-module\"  data-units=\"px\" data-wide_resolution=\"1280\" data-wide_size=\"35\" data-normal_resolution=\"1024\" data-normal_size=\"35\" data-tablet_resolution=\"800\" data-tablet_size=\"35\" data-mobile_resolution=\"480\" data-mobile_size=\"30\" style=\"height: 35px;\"><\/div>[\/vc_column][\/vc_row]<\/p>\n","protected":false},"excerpt":{"rendered":"<p>[vc_row bg_check=&#8221;row-background-dark&#8221; dfd_row_config=&#8221;full_width_content&#8221; css=&#8221;.vc_custom_1589443076636{background-image: url(http:\/\/daloway.com\/dev\/wp-content\/uploads\/2020\/05\/cabinet-de-transformation-digitale-paris-1.jpg?id=1049) !important;}&#8221;][vc_column dfd_column_responsive_enable=&#8221;dfd-column-responsive-enable&#8221; css=&#8221;.vc_custom_1480063943271{background-position: 0 0 !important;background-repeat: no-repeat !important;}&#8221; col_shadow=&#8221;box_shadow_enable:disable|shadow_horizontal:0|shadow_vertical:15|shadow_blur:50|shadow_spread:0|box_shadow_color:rgba(0%2C0%2C0%2C0.35)&#8221; col_shadow_hover=&#8221;box_shadow_enable:disable|shadow_horizontal:0|shadow_vertical:15|shadow_blur:50|shadow_spread:0|box_shadow_color:rgba(0%2C0%2C0%2C0.35)&#8221; responsive_styles=&#8221;padding_left_mobile:20|padding_right_mobile:20&#8243;][\/vc_column][\/vc_row][vc_row force_equal_height_columns=&#8221;main_row&#8221; align_content_vertically=&#8221;&#8221;][vc_column width=&#8221;2\/3&#8243; css=&#8221;.vc_custom_1588710433580{border-right-width: 1px !important;padding-right: 20px !important;padding-left: 20px !important;border-right-color: #e0e0e0 !important;border-right-style: solid !important;border-radius:<\/p>\n","protected":false},"author":1,"featured_media":0,"parent":0,"menu_order":0,"comment_status":"closed","ping_status":"closed","template":"page-custom.php","meta":[],"yoast_head":"<!-- This site is optimized with the Yoast SEO plugin v15.1.1 - https:\/\/yoast.com\/wordpress\/plugins\/seo\/ -->\n<title>Contact - Daloway<\/title>\n<meta name=\"robots\" content=\"index, follow, max-snippet:-1, max-image-preview:large, max-video-preview:-1\" \/>\n<link rel=\"canonical\" href=\"https:\/\/daloway.com\/dev\/contact\/\" \/>\n<meta property=\"og:locale\" content=\"fr_FR\" \/>\n<meta property=\"og:type\" content=\"article\" \/>\n<meta property=\"og:title\" content=\"Contact - Daloway\" \/>\n<meta property=\"og:description\" content=\"[vc_row bg_check=&#8221;row-background-dark&#8221; dfd_row_config=&#8221;full_width_content&#8221; css=&#8221;.vc_custom_1589443076636{background-image: url(http:\/\/daloway.com\/dev\/wp-content\/uploads\/2020\/05\/cabinet-de-transformation-digitale-paris-1.jpg?id=1049) !important;}&#8221;][vc_column dfd_column_responsive_enable=&#8221;dfd-column-responsive-enable&#8221; css=&#8221;.vc_custom_1480063943271{background-position: 0 0 !important;background-repeat: no-repeat !important;}&#8221; col_shadow=&#8221;box_shadow_enable:disable|shadow_horizontal:0|shadow_vertical:15|shadow_blur:50|shadow_spread:0|box_shadow_color:rgba(0%2C0%2C0%2C0.35)&#8221; col_shadow_hover=&#8221;box_shadow_enable:disable|shadow_horizontal:0|shadow_vertical:15|shadow_blur:50|shadow_spread:0|box_shadow_color:rgba(0%2C0%2C0%2C0.35)&#8221; responsive_styles=&#8221;padding_left_mobile:20|padding_right_mobile:20&#8243;][\/vc_column][\/vc_row][vc_row force_equal_height_columns=&#8221;main_row&#8221; align_content_vertically=&#8221;&#8221;][vc_column width=&#8221;2\/3&#8243; css=&#8221;.vc_custom_1588710433580{border-right-width: 1px !important;padding-right: 20px !important;padding-left: 20px !important;border-right-color: #e0e0e0 !important;border-right-style: solid !important;border-radius:\" \/>\n<meta property=\"og:url\" content=\"https:\/\/daloway.com\/dev\/contact\/\" \/>\n<meta property=\"og:site_name\" content=\"Daloway\" \/>\n<meta property=\"article:modified_time\" content=\"2021-01-17T16:10:47+00:00\" \/>\n<meta name=\"twitter:card\" content=\"summary_large_image\" \/>\n<script type=\"application\/ld+json\" class=\"yoast-schema-graph\">{\"@context\":\"https:\/\/schema.org\",\"@graph\":[{\"@type\":\"WebSite\",\"@id\":\"https:\/\/daloway.com\/dev\/#website\",\"url\":\"https:\/\/daloway.com\/dev\/\",\"name\":\"Daloway\",\"description\":\"Cabinet de Management &amp; Transformation Digitale\",\"potentialAction\":[{\"@type\":\"SearchAction\",\"target\":\"https:\/\/daloway.com\/dev\/?s={search_term_string}\",\"query-input\":\"required name=search_term_string\"}],\"inLanguage\":\"fr-FR\"},{\"@type\":\"WebPage\",\"@id\":\"https:\/\/daloway.com\/dev\/contact\/#webpage\",\"url\":\"https:\/\/daloway.com\/dev\/contact\/\",\"name\":\"Contact - Daloway\",\"isPartOf\":{\"@id\":\"https:\/\/daloway.com\/dev\/#website\"},\"datePublished\":\"2020-05-05T19:21:12+00:00\",\"dateModified\":\"2021-01-17T16:10:47+00:00\",\"inLanguage\":\"fr-FR\",\"potentialAction\":[{\"@type\":\"ReadAction\",\"target\":[\"https:\/\/daloway.com\/dev\/contact\/\"]}]}]}<\/script>\n<!-- \/ Yoast SEO plugin. -->","_links":{"self":[{"href":"https:\/\/daloway.com\/dev\/wp-json\/wp\/v2\/pages\/980"}],"collection":[{"href":"https:\/\/daloway.com\/dev\/wp-json\/wp\/v2\/pages"}],"about":[{"href":"https:\/\/daloway.com\/dev\/wp-json\/wp\/v2\/types\/page"}],"author":[{"embeddable":true,"href":"https:\/\/daloway.com\/dev\/wp-json\/wp\/v2\/users\/1"}],"replies":[{"embeddable":true,"href":"https:\/\/daloway.com\/dev\/wp-json\/wp\/v2\/comments?post=980"}],"version-history":[{"count":73,"href":"https:\/\/daloway.com\/dev\/wp-json\/wp\/v2\/pages\/980\/revisions"}],"predecessor-version":[{"id":1357,"href":"https:\/\/daloway.com\/dev\/wp-json\/wp\/v2\/pages\/980\/revisions\/1357"}],"wp:attachment":[{"href":"https:\/\/daloway.com\/dev\/wp-json\/wp\/v2\/media?parent=980"}],"curies":[{"name":"wp","href":"https:\/\/api.w.org\/{rel}","templated":true}]}}